2) - (-11 + 8)
5
-1 - (12 + 1 + -9)
-5
What is the value of (-20 + 22 - (1 + -4)) + -3?
2
Evaluate 7 + -5 - 11 - -4.
-5
Evaluate -5 - (1 + -3 + 7 + -12).
2
What is 1 - 1 - (3 + -3)?
0
What is 5 - (6 + -1 + (4 - 7))?
3
-2 - -1 - (1 + -3 + -1)
2
3 - (6 - 10 - (0 + -2))
5
What is the value of 6 + (3 - (0 + 10)) + -7?
-8
What is the value of 5 + (-2 - -10) + -15?
-2
Evaluate 8 + -15 + 6 + -4.
-5
What is the value of 46 + -50 - (1 - 6)?
1
What is the value of -1 - (-3 + 3 + -4 + 6)?
-3
Calculate 5 + (-3 - 0) - (7 - 1).
-4
Calculate -1 + 8 + (-57 - -53).
3
Calculate -4 - -2 - (3 - (2 + -1)).
-4
What is (-5 - -7) + -4 + -1 - -6?
3
Evaluate 0 - -2 - ((-2 - 3) + 4).
3
Calculate -1 + 2 + 1 - 2 - 4.
-4
Calculate 3 + -3 - 2 - (-6 - -6).
-2
What is the value of (-4 - (5 - 4)) + 8?
3
Evaluate (-2 - 0) + (29 - 13) + -9.
5
What is the value of (-5 - (-9 + 8)) + -3?
-7
Evaluate 2 + 2 + -1 - (0 - -4).
-1
Calculate (-3 - (2 - 8 - -4)) + 4.
3
What is (5 - (7 - 9)) + -8?
-1
Calculate 3 + 2 + -2 + (-7 - -3).
-1
Evaluate (0 - 1) + -2 + 2 + -4.
-5
What is the value of 0 + (6 - 21) + 6 - -6?
-3
Evaluate -2 + 9 + -5 + -8.
-6
What is 6 + (-2 - (-4 - -11))?
-3
What is the value of 6 - ((-2 - -7) + -1 - 2)?
4
What is -4 + 2 + -3 + 4 - 1?
-2
Calculate 10 + (4 - 8) + 2.
8
What is the value of -16 - -18 - (11 - 3)?
-6
What is the value of 2 + (0 - -10 - 9)?
3
-6 + 1 + -2 + 4
-3
Evaluate (2 - -1) + -17 + 17.
3
What is the value of -6 - 2 - -14 - (-1 + -1)?
8
What is the value of -7 + 3 - (-10 - 1 - -3)?
4
47 - 52 - (-7 + -1)
3
What is the value of (19 - 11 - 1) + -8?
-1
What is the value of -5 + 5 + (-2 - 1)?
-3
What is the value of 5 - (8 - (14 + -7))?
4
What is the value of -9 + 1 + -5 + 14 + -6?
-5
Calculate 2 + -2 - (-9 - -5).
4
What is 5 + -7 - (2 + -9)?
5
Evaluate -1 + (-2 + 1 + 1 - 1).
-2
What is the value of -3 + (8 - 10) + 13?
8
6 + (7 - 18) - -5
0
Evaluate (-4 - -3) + -17 + (-7 - -15).
-10
What is 25 - (28 - 7) - (4 + 1)?
-1
Calculate (-5 - -9) + -3 - 4.
-3
Calculate -6 - 5 - -2 - -15.
6
What is the value of 3 - -1 - 4 - -3?
3
Calculate -5 + (-5 - -7) + 0.
-3
Calculate (-3 - (-5 + -1)) + -2.
1
Calculate -2 + 4 + (-2 + 1 - -1).
2
Evaluate 4 + -7 - -4 - 4.
-3
Evaluate (2 - -8) + -5 + -4.
1
What is the value of 1 - 0 - (2 - 4)?
3
-7 + 9 - (-1 + 6)
-3
What is the value of 8 - (8 + (-15 - -6))?
9
What is the value of -6 - (6 - (-6 - (-8 + -5)))?
-5
14 + -15 + (7 + -3 - -1)
4
(-4 - -12) + 4 + -11
1
(0 - 11) + (50 - 43)
-4
Calculate (7 - 11) + 2 + (-2 - -3).
-1
1 + 0 - (-9 - -12)
-2
What is the value of -1 + 2 - -2 - (-4 - -3)?
4
7 + 7 + -14 + -6
-6
What is the value of 12 + (2 - 8 - 3)?
3
2 - (3 + 1 + 0)
-2
Calculate 5 - (-1 - (1 + -6)) - -4.
5
Calculate -14 - -16 - (-2 - 1).
5
-8 + (-3 - (-2 - 12 - -8))
-5
Calculate 3 + 0 + 10 + -5 + -8.
0
What is (3 - -2) + -3 + (3 - 1)?
4
What is the value of (1 - -11) + -5 + -4?
3
Calculate -1 + -1 + 11 + -12 + -1.
-4
What is the value of -4 + -2 + 3 + -2?
-5
What is the value of -6 - ((7 - 14) + 2)?
-1
Calculate (-6 - 7) + 8 - (2 + -6).
-1
(1 - -1) + -9 - (2 - 4)
-5
What is -4 - (0 - (-2 + (-1 - -2)))?
-5
What is 0 + -2 + 0 + 5 + -6?
-3
Evaluate -7 + (6 - (12 + -9)).
-4
Calculate -14 + (-10 - -13) + 13.
2
(2 - 0) + -4 + 0 + 4
2
2 - (21 + -8) - -16
5
(6 - (1 - -1)) + -7
-3
What is the value of -5 - (6 - (-11 - -18))?
-4
What is 1 + 1 - (-2 - (-3 + -2))?
-1
Calculate 9 - (2 - -2 - (-10 - -13)).
8
What is 142 + -139 - (1 + 0 + -2)?
4
What is the value of -2 + (-1 - (1 + 6 + -12))?
2
What is the value of 7 + (8 + -9 - 0 - 6)?
0
What is -14 - (-7 + (-1 - -1))?
-7
What is -2 + -2 + 7 + (3 - 3)?
3
What is the value of (2 - 1) + (2 - -2)?
5
Calculate (0 - (-3 - 1)) + (-7 - -8).
5
What is the value of 0 + (1 - 2) - (2 + -6)?
3
Calculate (-2 - (6 - 7) - -2) + 3.
4
What is 13 - ((23 - -2) + -4)?
-8
What is the value of -1 - -3 - (-5 + 7)?
0
What is the value of 10 + (-10 - -18 - 17)?
1
What is the value of -4 + -17 + 7 - -4?
-10
Evaluate 9 + -7 + (7 - 10).
-1
(1 - (2 + -6)) + -1
4
What is -8 + 3 + 13 + -9 + 6?
5
-2 - 0 - (-51 - -53)
-4
What is 1 - -1 - (-1 - -1 - 0)?
2
Evaluate 2 + -2 + (0 - 2).
-2
What is -1 + 3 + 133 + -143?
-8
-4 - -5 - 3 - (-5 + 0)
3
Calculate 1 + (-8 - -12 - -1) - 7.
-1
Calculate (-19 - -9) + 10 + (0 - 5).
-5
What is the value of 0 + 8 + 2 + -9?
1
Evaluate 9 + -5 + -11 - (-1 + -15).
9
(-12 + 9 - 4) + 4
-3
Evaluate (-9 - -4 - -5) + 0 + 5.
5
What is -12 - -5 - -1 - (1 + -7)?
0
Evaluate 3 - (5 + -1 + 0) - 2.
-3
5 + -15 + 5 - (2 + -3)
-4
15 - 3 - (0 + 3)
9
Calculate -1 + (8 - 6) + -7.
-6
What is 1 + -2 - 2 - (0 - 1)?
-2
Evaluate (0 + 1 - -1) + -3.
-1
What is -8 + -2 + (-5 - -8)?
-7
(-6 + 0 - 3) + 3 - -3
-3
Evaluate 6 - (3 + 0 + 2).
1
What is -2 + 9 - 2 - (5 - -1)?
-1
What is the value of (184 - 193) + (0 - -1)?
-8
-3 + (1 + -5 - -2)
-5
Evaluate (0 - 0 - 1 - -1) + 3.
3
What is the value of 1 + -1 + -5 + 4 - 6?
-7
What is the value of 1 + (0 - 9) + 4 - -3?
-1
Evaluate 0 + 1 - (6 + -3) - -7.
5
Calculate -3 + -1 + -1 + 6.
1
1 + 3 - (-6 - 0 - -9)
1
What is (-3 - -24 - 10) + -14?
-3
Evaluate (8 - (2 - -5)) + 1 + 3.
5
What is (12 - 24) + 11 + -6?
-7
Calculate -6 + 1 + 9 + -7.
-3
Calculate 3 + (0 - (-5 + 5 + 4)).
-1
What is -1 + -1 + 2 - -1 - 1?
0
What is the value of (12 - (2 - -4)) + -4?
2
What is the value of -9 + ((8 - 7) + -7 - -12)?
-3
Calculate (-7 - 0 - 2) + 3.
-6
(-14 - -15) + (-9 - -6)
-2
What is the value of 11 - (1 - (-3 + -2)) - -2?
7
Evaluate -1 + -11 - (-11 - -10 - 4).
-7
What is the value of 6 - 1 - (-2 + 3) - 4?
0
Evaluate -6 - (-8 + 4) - (-3 - 4).
5
Calculate -1 - 7 - (-19 - -13).
-2
Calculate 155 + -158 + (0 - 0).
-3
Evaluate -1 + (-5 - -4 - 3).
-5
What is (2 - -4) + 1 + 4 + -7?
4
-1 - 1 - -10 - 8
0
What is the value of 6 - (4 + -5 - -4)?
3
-9 - (3 + -4 + -8)
0
Calculate -1 - (2 + 3 + -1).
-5
(2 - 0) + (4 - 2)
4
What is the value of (2 - 1) + (-4 - 1) + 4?
0
What is -3 + (3 - (5 + (-2 - -2)))?
-5
What is the value of 2 + 3 + (-3 + 5 - -1)?
8
Calculate 9 - (0 + 2) - (1 + 5).
1
What is the value of 3 + (-4 + 3 - 5)?
-3
What is -3 + -9 + 5 - (-6 + -2)?
1
What is the value of -10 - (-5 + -1 + 1)?
-5
What is the value of (-13 - -3) + 12 - (-5 - -15)?
-8
Evaluate -7 - ((-3 - -7) + -6).
-5
(5 - 11) + -2 + (4 - -1)
-3
Calculate -1 + 5 + -2 - (1 - 2).
3
Calculate 2 - -1 - (-1 - (0 - 1)).
3
Calculate (3 - (4 + -2) - 4) + -5.
-8
What is 5 - (-4 + 6 - (4 + -2))?
5
-11 + -4 + (15 - 7)
-7
What is the value of -1 - (-4 + 3 + 5) - -1?
-4
Evaluate (-10 - -5 - (0 - 4)) + -3.
-4
What is -7 - (-5 + 1 + -2)?
-1
Calculate (16 - 8 - 16) + 10.
2
Evaluate 1 - 3 - (36 + -32).
-6
Calculate 3 - ((2 - (-6 - -3)) + -3).
1
-7 + 17 + (0 - 14)
-4
Calculate -6 + (-8 - (-16 + 5)).
-3
What is 14 - 17 - (0 + -3 - 2)?
2
What is 6 + 3 - (6 + 0)?
3
What is -103 + 99 - (0 + 0)?
-4
Evaluate (7 + -5 - 3) + -3.
-4
Calculate -1 - 0 - (-8 + 11).
-4
What is 6 - (3 - (4 - 7))?
0
Evaluate (-17 + 9 - -4) + -2.
-6
Evaluate -9 - (-9 + (1 - 0) + 4).
-5
What is the value of 0 + 0 + -1 + -2 + 2?
-1
What is the value of 3 - (7 - 4) - 2?
-2
(-2 - 0) + (-3 - -3 - -1)
-1
Evaluate (-4 - -4) + 3 - 8.
-5
Calculate (-114 - -121) + (0 + 1 - -2).
10
What is -1 - -2 - ((-15 - -22) + -11)?
5
Evaluate 0 + 0 + 9 + -10.
-1
(-1 + 4 - -5) + -10
-2
(-5 - -7 - (3 - 1)) + 3
3
Evaluate 2 + (-5 - (-3 + 3)) - -4.
1
Evaluate 0 + (2 + 3 - 4 - 0).
1
What is the value of (16 - (14 - 3)) + (-1 - 4)?
0
Calculate (-2 - 8) + 3 - 1.
-8
What is the value of 2 + -5 + (1 - 0) + -1?
-3
Evaluate 3 - (2 + -2 + -3 - -2).
4
-3 + 2 - (-9 - -9)
-1
Calculate -4 + (-8 + 12 - -9).
9
-8 - (-3 + -3 + -3)
1
What is the value of -3 - -7 - (-3 - -9) - -1?
-1
What is the value of (6 - (2 + -10)) + -8?
6
Evaluate -5 + (11 + -5 - -4).
5
What is 3 - (5 - 0 - (14 + -16))?
-4
What is 1 + -2 + (-4 - -6 - 1)?
0
Evaluate (-10 - 3) + 3 - -3.
-7
Evaluate -9 - -38 - 35 - (-12 - -1).
5
7 + (4 + -19 - -3)
-5
0 + (13 - 4 - 4)
5
Calculate (2 - (-3 + -2)) + -3 - 0.
4
0 - (2 + (-1 - -3))
-4
Evaluate 0 + 3 + -9 + -5 + 7.
-4
What is -9 - ((-7 - -19) + -23)?
2
1 - 0 - 6 - (6 - 6)
-5
Evaluate -3 - (-1 - 3) - (3 + -1).
-1
Evaluate 2 + -2 + 1 - -4.
5
(0 - (1 - 2)) + 5 + -9
-3
Calculate (-14 - -19) + (0 - -1) + 0.
6
-1 + 0 + -2 + 6
3
(1 - (-8 + 4)) + 13 + -17
1
Evaluate -6 + 1 + 11 + -5.
1
Evaluate (15 - 12) + (2 - -1) - 12.
-6
What is 2 